he prime factors of 47344023.
3, 389, 13523
What are the prime factors of 111052521?
3, 139, 88771
What are the prime factors of 50008227?
3, 61, 273269
List the prime factors of 4295752670.
2, 5, 11, 97, 402601
List the prime factors of 53873664.
2, 3, 13, 19, 71
List the prime factors of 180578651.
11, 16416241
List the prime factors of 1713133629.
3, 1019, 186799
What are the prime factors of 1343263465?
5, 79, 337, 10091
List the prime factors of 75137772.
2, 3, 47, 127, 1049
List the prime factors of 793646481.
3, 1993, 132739
What are the prime factors of 884039798?
2, 442019899
List the prime factors of 2369342700.
2, 3, 5, 17, 23, 6733
What are the prime factors of 519991015?
5, 23, 587, 7703
List the prime factors of 2596358365.
5, 519271673
What are the prime factors of 25047829?
127, 167, 1181
List the prime factors of 490097432.
2, 11, 23, 22013
What are the prime factors of 1052999280?
2, 3, 5, 29, 37, 47
What are the prime factors of 5306624?
2, 19, 1091
What are the prime factors of 45015976?
2, 37, 152081
What are the prime factors of 917300615?
5, 7, 11, 61, 139, 281
List the prime factors of 4408634035.
5, 13, 67825139
List the prime factors of 3516660554.
2, 11, 159848207
What are the prime factors of 878813326?
2, 439406663
List the prime factors of 756545093.
756545093
List the prime factors of 365445277.
17, 113, 281, 677
What are the prime factors of 559219136?
2, 7, 103, 12119
What are the prime factors of 21649318?
2, 73, 79, 1877
What are the prime factors of 499065?
3, 5, 7, 97
What are the prime factors of 187580319?
3, 43, 521, 2791
What are the prime factors of 61186424?
2, 13, 263, 2237
What are the prime factors of 148178384?
2, 2767, 3347
What are the prime factors of 43012367?
43012367
List the prime factors of 1132937119.
7187, 157637
List the prime factors of 1246518093.
3, 859, 483709
List the prime factors of 2669661806.
2, 7, 27241447
What are the prime factors of 19526182?
2, 13, 751007
List the prime factors of 1132880.
2, 5, 7, 17
What are the prime factors of 650600650?
2, 5, 7, 199, 9341
List the prime factors of 6495111.
3, 7, 131, 787
List the prime factors of 91461435.
3, 5, 13, 83, 5651
List the prime factors of 153415260.
2, 3, 5, 67, 12721
What are the prime factors of 164529235?
5, 13, 23, 167, 659
What are the prime factors of 2809686121?
11, 1091, 234121
What are the prime factors of 418169107?
418169107
List the prime factors of 2186616748.
2, 19, 313, 91921
List the prime factors of 2251444485.
3, 5, 150096299
List the prime factors of 307036825.
5, 12281473
What are the prime factors of 1014382782?
2, 3, 7, 127, 63391
What are the prime factors of 21537942?
2, 3, 353, 10169
What are the prime factors of 1675504?
2, 23, 29, 157
List the prime factors of 352171295.
5, 7, 59, 199, 857
What are the prime factors of 87511306?
2, 1621, 26993
List the prime factors of 88611935.
5, 17722387
What are the prime factors of 922911590?
2, 5, 92291159
List the prime factors of 1011070680.
2, 3, 5, 8425589
List the prime factors of 5251433047.
7, 19, 73, 77269
List the prime factors of 488378877.
3, 7, 23256137
What are the prime factors of 7557399?
3, 67, 83, 151
What are the prime factors of 1904080338?
2, 3, 35260747
What are the prime factors of 3076547?
257, 11971
List the prime factors of 1178753508.
2, 3, 61, 536773
What are the prime factors of 1030897574?
2, 7, 1021, 10303
List the prime factors of 2447385328.
2, 173, 884171
List the prime factors of 64718833.
64718833
What are the prime factors of 769631686?
2, 384815843
What are the prime factors of 31030633?
953, 32561
List the prime factors of 91566971.
37, 2474783
What are the prime factors of 1416915781?
131, 10816151
List the prime factors of 99034818.
2, 3, 16505803
What are the prime factors of 601011757?
37, 379, 42859
List the prime factors of 69419228.
2, 17, 167, 6113
List the prime factors of 296487792.
2, 3, 167, 12329
List the prime factors of 1003463892.
2, 3, 311, 89627
List the prime factors of 175549418.
2, 11, 47, 169777
List the prime factors of 85429670.
2, 5, 37, 230891
What are the prime factors of 441455376?
2, 3, 23, 31, 12899
List the prime factors of 2343652525.
5, 6917, 13553
What are the prime factors of 144078281?
17, 8475193
List the prime factors of 197921618.
2, 67, 1477027
List the prime factors of 2335427145.
3, 5, 51898381
List the prime factors of 1984243928.
2, 248030491
What are the prime factors of 144427094?
2, 7, 19, 229, 2371
What are the prime factors of 297226851?
3, 99075617
List the prime factors of 51433032.
2, 3, 7, 306149
What are the prime factors of 18388998?
2, 3, 19, 17923
List the prime factors of 7441180261.
7441180261
List the prime factors of 35721366.
2, 3, 277, 21493
List the prime factors of 2750824596.
2, 3, 13, 17633491
List the prime factors of 757273714.
2, 193, 877, 2237
What are the prime factors of 712103980?
2, 5, 7, 1223, 4159
What are the prime factors of 102278875?
5, 818231
List the prime factors of 28688496.
2, 3, 597677
What are the prime factors of 36077286?
2, 3, 7, 431, 1993
List the prime factors of 120842230.
2, 5, 23, 173, 3037
List the prime factors of 85576377.
3, 3061, 9319
List the prime factors of 377838010.
2, 5, 11, 3434891
What are the prime factors of 776933881?
17, 37, 61, 20249
List the prime factors of 2656497.
3, 43, 20593
What are the prime factors of 2551670765?
5, 7, 6389, 11411
What are the prime factors of 416332262?
2, 208166131
List the prime factors of 56030311.
223, 251257
What are the prime factors of 2947048?
2, 13, 43, 659
List the prime factors of 25975339.
13, 97, 20599
What are the prime factors of 127561732?
2, 1447, 22039
List the prime factors of 254719254.
2, 3, 857, 49537
What are the prime factors of 234526218?
2, 3, 39087703
What are the prime factors of 213666429?
3, 71222143
List the prime factors of 820563730.
2, 5, 7, 83, 141233
What are the prime factors of 183394594?
2, 23, 3986839
What are the prime factors of 108968355?
3, 5, 139, 5807
What are the prime factors of 839756554?
2, 7, 13, 4614047
What are the prime factors of 259393007?
259393007
What are the prime factors of 70502386?
2, 251, 140443
What are the prime factors of 178723755?
3, 5, 7, 567377
What are the prime factors of 497148855?
3, 5, 7, 313, 2161
List the prime factors of 503041936.
2, 37, 849733
List the prime factors of 23688610.
2, 5, 11, 215351
List the prime factors of 720558809.
720558809
What are the prime factors of 19085569?
19085569
What are the prime factors of 445857601?
7, 61, 271, 3853
List the prime factors of 1627252226.
2, 19, 61, 702007
What are the prime factors of 268385426?
2, 17, 41, 192529
What are the prime factors of 15987047?
23, 695089
List the prime factors of 278026414.
2, 31, 701, 6397
What are the prime factors of 620042816?
2, 9688169
List the prime factors of 209074365.
3, 5, 516233
List the prime factors of 5206783341.
3, 17, 4547, 22453
List the prime factors of 297587025.
3, 5, 19, 151, 461
What are the prime factors of 1022954905?
5, 7, 2741, 10663
What are the prime factors of 136404351?
3, 53, 199, 479
List the prime factors of 102541866.
2, 3, 7, 23, 101, 1051
List the prime factors of 114699274.
2, 167, 343411
List the prime factors of 2459457.
3, 7, 11, 13
What are the prime factors of 56090643?
3, 7, 381569
What are the prime factors of 11218946?
2, 17, 329969
List the prime factors of 56121922.
2, 3733, 7517
List the prime factors of 1223572654.
2, 17, 43, 836917
What are the prime factors of 285274974?
2, 3, 47545829
List the prime factors of 118720505.
5, 2593, 9157
What are the prime factors of 216188323?
13, 113, 367, 401
What are the prime factors of 854319676?
2, 7, 30511417
List the prime factors of 428549199.
3, 13, 19, 173, 3343
List the prime factors of 57835584.
2, 3, 31, 41, 79
List the prime factors of 933192754.
2, 13, 23, 1560523
List the prime factors of 40045817.
7, 89, 64279
What are the prime factors of 135833381?
135833381
What are the prime factors of 91837490?
2, 5, 29, 316681
List the prime factors of 17112342.
2, 3, 13, 219389
What are the prime factors of 63199071?
3, 13, 37, 1123
List the prime factors of 39039891.
3, 11, 1183027
List the prime factors of 8971024577.
8971024577
Wha